What is the greatest common divisor of y and 135?
5
Suppose -2*b + 47409 = 5*k, -3*k + 25200 + 3261 = -4*b. What is the greatest common divisor of 87 and k?
87
Let i = -2411 + 2585. Calculate the highest common factor of i and 2871.
87
Let d(b) = 420*b**3 + b**2 - 10*b + 8. Let r be d(1). Suppose 2579 = 16*z + r. Let a be (-133)/(-5) + 6/15. Calculate the greatest common factor of z and a.
27
Suppose 2*f = -0*f - 10, -4*p - 5*f - 25 = 0. Suppose 5*a - 131 + 375 = 4*u, -5*a + 20 = p. What is the highest common factor of 176 and u?
22
Let o(y) = 16*y + 37. Let r be o(-2). Suppose 32*u - q - 18 = 29*u, u - r*q = -8. Calculate the highest common divisor of u and 210.
7
Let m(a) = a**2 - 17 + 1 - 1264*a + 1262*a. Let d be m(8). Suppose t + f - 12 = 3*f, -2*t = -2*f - d. What is the greatest common divisor of t and 220?
20
Let w = 5197 + -3280. What is the greatest common factor of 54 and w?
27
Let k(w) = w**2 + w. Let o(f) = 12*f**2 + 8*f + 8. Let q = -65 - -60. Let t(m) = q*k(m) + o(m). Let l be t(-4). What is the highest common divisor of 12 and l?
12
Let p = -1939 + 2065. Calculate the greatest common factor of p and 420.
42
Let x = 7931 + -7907. Let w = -27 - -39. Suppose -i - w = -2*i. Calculate the greatest common divisor of x and i.
12
Suppose -111 = -3*v + 2149*u - 2146*u, -3*u = -v + 11. Let r = 439 + -214. Calculate the highest common divisor of r and v.
25
Let s be (220/660)/(0 + (-2)/6)*-351. What is the highest common divisor of 1300 and s?
13
Let w be 4414/3 + -4*(-20)/120. Calculate the greatest common divisor of 96 and w.
32
Suppose -2*x = 2*x - 16. Let o(u) = -u**3 - 20*u**2 - 21*u - 44. Let h be o(-19). Let g be h/(12 - 6) - -45. Calculate the highest common factor of x and g.
4
Suppose t - 729 = -3*i, -2*t - i + 1528 = 110. Calculate the greatest common factor of t and 60.
15
Let v = -4706 - -9722. Calculate the highest common divisor of 11 and v.
11
Suppose 4*i - 3 = 1, -3*i = 4*s - 11. Suppose s*d - 78 = -0*d. Let m = 8087 + -7892. Calculate the highest common factor of m and d.
39
Suppose 0 = -187*m + 55*m + 32340. Calculate the greatest common factor of m and 784.
49
Suppose 84 - 3 = -3*r. Let q be (12/(-9))/(87/r + 3). Suppose -4*f - 3*d = -1240, -3*f = -q*d + 2*d - 930. What is the highest common divisor of f and 31?
31
Suppose -2*h - 2*x = -64, 5*h - 4*x - 262 = -57. Suppose 8*u - h = -2*d + 3*u, -5*d - 4*u + 50 = 0. Calculate the highest common factor of d and 14.
2
Let q = -183 + 188. Suppose 0 = -2*o - 0*a - 5*a + 17, 0 = 3*o + 3*a - 12. Suppose 25 + o = 13*j. Calculate the greatest common divisor of q and j.
1
Let h be 3*(-3 - (-20)/(-12)*-2). Let s(o) = o**3 - 24*o**2 - h + 11*o**2 - 3*o + 10*o**2. Let a be s(4). What is the highest common divisor of 6 and a?
3
Suppose 56 + 133 = 21*t. Let b(q) = 8*q**2 + 6*q**3 + q**3 + 1 - 8*q**3 + 11*q. Let z be b(t). What is the greatest common factor of 133 and z?
19
Let n(g) = -g**2 - 3*g + 274. Let q be n(0). Let y = q - 84. Calculate the highest common factor of y and 30.
10
Let i = 257 + -182. Let a be (-151)/(5/(-70)*-7). Let p = 352 + a. Calculate the greatest common factor of p and i.
25
Let r be (13 - 4 - 7)/((-4)/6). Let u be (4/r)/((-4)/108). What is the greatest common factor of 126 and u?
18
Let t(x) = 26*x + 292. Let p be t(-11). Let u be (-56)/(-336) - (-1439)/p. What is the highest common factor of 30 and u?
30
Let d be -5 - (-2 + 20/(-2)). Suppose -d*y = -2*y - 125. Suppose 8*m = 13*m - y. Calculate the highest common factor of m and 25.
5
Let k = -658 + 604. Suppose 4*y = -3*j - 268 + 70, 2*j + 244 = -5*y. Let n = y - k. Calculate the highest common divisor of n and 66.
6
Let w be (-12)/8*1120/(-24). Let j be (56/w)/((-411)/(-135) + -3). What is the highest common factor of j and 144?
18
Suppose 0 = -137683*v + 137656*v + 7830. What is the greatest common factor of 150 and v?
10
Let b be 0 + (-2)/15 - ((-371228)/(-390))/(-59). Calculate the highest common factor of b and 208.
16
Let n be 2 + 2254 - (193 + -212). Calculate the highest common factor of 70 and n.
35
Let f be 33*2/3 - 0. Let a be (-650)/30*-6 + 13. Calculate the greatest common factor of a and f.
11
Let l(j) = -j**2 - 10*j + 9. Let i be l(-7). Suppose p - 5*x = 31, 0 = p + p - 2*x - i. Let h = p + 4. Calculate the greatest common divisor of 30 and h.
15
Suppose 5 - 275 = 3*d. Let x = -30 - d. Calculate the highest common divisor of 240 and x.
60
Let g = -46 + 61. Let j be 54*8/(g + 1). Calculate the highest common divisor of j and 108.
27
Suppose -4*b + 7 = -37. Let f = -8695 - -8711. Let o = f - b. What is the greatest common factor of o and 2?
1
Let x be -15*2/(-3)*1. Let z(a) = a**3 - 12*a**2 - 20*a + 8. Let n be z(14). Suppose -125*i + n*i = -350. Calculate the highest common divisor of x and i.
10
Suppose -2*x - 40 = -44. Suppose 4*j - 880 = -4*w, -2*w + x*j - 1091 = -7*w. Calculate the greatest common factor of w and 7.
7
Let a(n) = 264*n + 3978. Let u be a(-15). Let l = -20 - 1. Let z be (l/1)/((-1)/3). What is the greatest common divisor of u and z?
9
Let c be 20*(-6)/8*(-324)/405 + 88. Suppose -4*w = -8, 0 = 2*q - 5*q - 4*w + 968. Calculate the highest common divisor of q and c.
20
Let c be (4 - 2)/(0 - (-1)/(-45)). Let x be 30/c - (1 - (-44)/(-6)). Calculate the greatest common factor of 6 and x.
6
Suppose 177*x = 145*x + 326 + 250. Let g(f) = -19*f - 1. Let k be g(-4). Let r = k + -39. Calculate the highest common factor of x and r.
18
Let w be 3*(-6)/9 + (1 - -1). Let f be (-8)/(-8 - 16)*(21 + w). What is the highest common factor of 2 and f?
1
Suppose 0 = -468*d + 380*d + 12144. Calculate the highest common divisor of d and 9522.
138
Let l be (-2 + -1 - -3)/1. Let c(m) = 22 + 2*m**2 + l*m + 6*m - 25. Let r be c(-9). What is the highest common divisor of 70 and r?
35
Let l(c) = -61*c - 763. Let g be l(-13). Calculate the highest common divisor of 24 and g.
6
Suppose 2056 = 114*q - 719 - 189. Suppose -5*z + 2*x - 172 = 218, 0 = z - 3*x + 78. Let f be (4/(-3))/(1/z). Calculate the highest common factor of f and q.
26
Let s = 302 - -5291. Calculate the greatest common factor of s and 34.
17
Let n be 11*((-192)/33 - (-66)/11). Let f be (-600)/(-9)*6/4. Suppose -4*t + f = -m, n*m + 104 - 8 = 4*t. What is the greatest common divisor of 78 and t?
26
Let c(v) = v**3 - 7*v**2 + v - 3. Let y be c(7). Suppose 12*k + 4 = 10*k. Let o be k/3 + 2212/42. What is the highest common divisor of y and o?
4
Let p be (6/4)/((-4)/72). Let u = p + 27. Suppose -2*a = -3*a + i + 52, u = -i + 4. Calculate the highest common divisor of a and 7.
7
Let v(b) = -b + 14. Let t be v(7). Suppose -t*y + 24 = -y. Suppose -y*m + 27 = 3*j, 2*m + j - 12 = -1. Calculate the highest common divisor of 3 and m.
3
Let y be (0 + (-2)/(-2))/((-3)/12). Let u be 32/14 - y - (-2)/(-7). What is the highest common factor of 15 and u?
3
Let a(u) = 4*u**2 - 15*u - 20. Let d be a(9). Suppose -130 = -43*m + 33*m. Calculate the greatest common factor of d and m.
13
Suppose 4*p - 8 = l, 5*p = 4*l + 7 + 3. Suppose -7*d - 3*d + 1360 = l. Calculate the greatest common divisor of 51 and d.
17
Let o(g) = g**2 - 6*g + 8. Let j be o(-9). Let v(k) = 3*k**2 + 14*k + 8. Let p = 151 - 156. Let a be v(p). What is the greatest common factor of a and j?
13
Suppose -5*t + 8*z = 3*z - 780, 0 = 3*t + 2*z - 438. What is the greatest common divisor of 1600 and t?
50
Suppose 0 = -3*a + 9*a + 6*a. Suppose -5*z - 25 = -4*m - a*z, -2*z - 24 = -3*m. Calculate the greatest common divisor of m and 30.
10
Suppose 0 = -5*r - 5*p + 610, p = r + 467 - 601. Calculate the greatest common divisor of 3968 and r.
128
Let m = 75 - 42. Suppose 41 = 3*n - 4*s, 4*s - 107 = -n - 136. Calculate the greatest common divisor of n and m.
3
Suppose 759*r = 660*r + 1850706. Calculate the greatest common factor of r and 13.
13
Suppose 3*z = z + 22. Suppose -303*m + 80115 + 22242 - 25698 = 0. Calculate the greatest common factor of z and m.
11
Let l(n) be the third derivative of -n**4/8 + 49*n**3/6 - 160*n**2. Let w be l(8). Calculate the greatest common divisor of 725 and w.
25
Suppose g - 308*n + 303*n - 414 = 0, 2*n = -4*g + 1590. What is the highest common factor of g and 105?
21
Let w = -10911 - -14621. Calculate the highest common divisor of 53 and w.
53
Let y = 559 + -581. Let w = 